{"version":"1.0","provider_name":"STADE Marketing und Tourismus","provider_url":"https:\/\/stade-tourismus.de\/de\/","author_name":"Lisanna Wagner","author_url":"https:\/\/stade-tourismus.de\/de\/author\/l-wagner\/","title":"Der Willi geht in die Werft! - STADE Marketing und Tourismus","type":"rich","width":600,"height":338,"html":"<blockquote class=\"wp-embedded-content\" data-secret=\"23MCxWB5RW\"><a href=\"https:\/\/stade-tourismus.de\/de\/der-willi-geht-in-die-werft\/\">Der Willi geht in die Werft!<\/a><\/blockquote><iframe sandbox=\"allow-scripts\" security=\"restricted\" src=\"https:\/\/stade-tourismus.de\/de\/der-willi-geht-in-die-werft\/embed\/#?secret=23MCxWB5RW\" width=\"600\" height=\"338\" title=\"&#8222;Der Willi geht in die Werft!&#8220; &#8211; STADE Marketing und Tourismus\" data-secret=\"23MCxWB5RW\" frameborder=\"0\" marginwidth=\"0\" marginheight=\"0\" scrolling=\"no\" class=\"wp-embedded-content\"><\/iframe><script>\n\/*! This file is auto-generated *\/\n!function(d,l){\"use strict\";l.querySelector&&d.addEventListener&&\"undefined\"!=typeof URL&&(d.wp=d.wp||{},d.wp.receiveEmbedMessage||(d.wp.receiveEmbedMessage=function(e){var t=e.data;if((t||t.secret||t.message||t.value)&&!\/[^a-zA-Z0-9]\/.test(t.secret)){for(var s,r,n,a=l.querySelectorAll('iframe[data-secret=\"'+t.secret+'\"]'),o=l.querySelectorAll('blockquote[data-secret=\"'+t.secret+'\"]'),c=new RegExp(\"^https?:$\",\"i\"),i=0;i<o.length;i++)o[i].style.display=\"none\";for(i=0;i<a.length;i++)s=a[i],e.source===s.contentWindow&&(s.removeAttribute(\"style\"),\"height\"===t.message?(1e3<(r=parseInt(t.value,10))?r=1e3:~~r<200&&(r=200),s.height=r):\"link\"===t.message&&(r=new URL(s.getAttribute(\"src\")),n=new URL(t.value),c.test(n.protocol))&&n.host===r.host&&l.activeElement===s&&(d.top.location.href=t.value))}},d.addEventListener(\"message\",d.wp.receiveEmbedMessage,!1),l.addEventListener(\"DOMContentLoaded\",function(){for(var e,t,s=l.querySelectorAll(\"iframe.wp-embedded-content\"),r=0;r<s.length;r++)(t=(e=s[r]).getAttribute(\"data-secret\"))||(t=Math.random().toString(36).substring(2,12),e.src+=\"#?secret=\"+t,e.setAttribute(\"data-secret\",t)),e.contentWindow.postMessage({message:\"ready\",secret:t},\"*\")},!1)))}(window,document);\n\/\/# sourceURL=https:\/\/stade-tourismus.de\/wp-includes\/js\/wp-embed.min.js\n<\/script>\n","thumbnail_url":"https:\/\/stade-tourismus.de\/wp-content\/uploads\/2024\/05\/441074441_980326184093384_9107121673031403140_n.jpg","thumbnail_width":526,"thumbnail_height":526,"description":"Bereits vor Monaten startete er seine Reise aus dem Hansehafen, schwebend \u00fcber die Br\u00fccke der Hansestra\u00dfe, in den Stadthafen. Nun ist es Zeit, ihn im neuen Glanz erstrahlen zu lassen, damit er bald wieder als stolzes \u201eDenkmal\u201c im Hansehafen liegen kann. Seit 1999 bereichert der bald 100-j\u00e4hrige Ewer unseren alten Hansehafen und erfreut sich gro\u00dfer [&hellip;]"}

Bereits vor Monaten startete er seine Reise aus dem Hansehafen, schwebend über die Brücke der Hansestraße, in den Stadthafen. Nun ist es Zeit, ihn im neuen Glanz erstrahlen zu lassen, damit er bald wieder als stolzes „Denkmal“ im Hansehafen liegen kann. Seit 1999 bereichert der bald 100-jährige Ewer unseren alten Hansehafen und erfreut sich großer [&hellip;]
