{"version":"1.0","provider_name":"STADE Marketing und Tourismus","provider_url":"https:\/\/stade-tourismus.de\/de\/","author_name":"Carina Meyer","author_url":"https:\/\/stade-tourismus.de\/de\/author\/c-meyer\/","title":"Premiere der neuen G\u00e4stef\u00fchrung: Hafen, Hanse, H\u00f6kerwaren - STADE Marketing und Tourismus","type":"rich","width":600,"height":338,"html":"<blockquote class=\"wp-embedded-content\" data-secret=\"v4lQSVzZZp\"><a href=\"https:\/\/stade-tourismus.de\/de\/premiere-der-neuen-gaestefuehrung-hafen-hanse-hoekerwaren\/\">Premiere der neuen G\u00e4stef\u00fchrung: Hafen, Hanse, H\u00f6kerwaren<\/a><\/blockquote><iframe sandbox=\"allow-scripts\" security=\"restricted\" src=\"https:\/\/stade-tourismus.de\/de\/premiere-der-neuen-gaestefuehrung-hafen-hanse-hoekerwaren\/embed\/#?secret=v4lQSVzZZp\" width=\"600\" height=\"338\" title=\"&#8222;Premiere der neuen G\u00e4stef\u00fchrung: Hafen, Hanse, H\u00f6kerwaren&#8220; &#8211; STADE Marketing und Tourismus\" data-secret=\"v4lQSVzZZp\" frameborder=\"0\" marginwidth=\"0\" marginheight=\"0\" scrolling=\"no\" class=\"wp-embedded-content\"><\/iframe><script>\n\/*! This file is auto-generated *\/\n!function(d,l){\"use strict\";l.querySelector&&d.addEventListener&&\"undefined\"!=typeof URL&&(d.wp=d.wp||{},d.wp.receiveEmbedMessage||(d.wp.receiveEmbedMessage=function(e){var t=e.data;if((t||t.secret||t.message||t.value)&&!\/[^a-zA-Z0-9]\/.test(t.secret)){for(var s,r,n,a=l.querySelectorAll('iframe[data-secret=\"'+t.secret+'\"]'),o=l.querySelectorAll('blockquote[data-secret=\"'+t.secret+'\"]'),c=new RegExp(\"^https?:$\",\"i\"),i=0;i<o.length;i++)o[i].style.display=\"none\";for(i=0;i<a.length;i++)s=a[i],e.source===s.contentWindow&&(s.removeAttribute(\"style\"),\"height\"===t.message?(1e3<(r=parseInt(t.value,10))?r=1e3:~~r<200&&(r=200),s.height=r):\"link\"===t.message&&(r=new URL(s.getAttribute(\"src\")),n=new URL(t.value),c.test(n.protocol))&&n.host===r.host&&l.activeElement===s&&(d.top.location.href=t.value))}},d.addEventListener(\"message\",d.wp.receiveEmbedMessage,!1),l.addEventListener(\"DOMContentLoaded\",function(){for(var e,t,s=l.querySelectorAll(\"iframe.wp-embedded-content\"),r=0;r<s.length;r++)(t=(e=s[r]).getAttribute(\"data-secret\"))||(t=Math.random().toString(36).substring(2,12),e.src+=\"#?secret=\"+t,e.setAttribute(\"data-secret\",t)),e.contentWindow.postMessage({message:\"ready\",secret:t},\"*\")},!1)))}(window,document);\n\/\/# sourceURL=https:\/\/stade-tourismus.de\/wp-includes\/js\/wp-embed.min.js\n<\/script>\n","description":"Wer sich der neuen Stader G\u00e4stef\u00fchrung \u201eHafen, Hanse, H\u00f6kerwaren\u201c anschlie\u00dft, begibt sich auf eine thematische Zeitreise zu Hanse und Handel durch die Stader Altstadt. Sie blickt zur\u00fcck auf das Stade zu Zeiten der historischen Hanse und schl\u00e4gt die Br\u00fccke zu Stadtbild, Hanse und dem Handel der heutigen Zeit. Als H\u00f6hepunkt wartet eine Verkostung edler Tropfen [&hellip;]","thumbnail_url":"https:\/\/stade-tourismus.de\/wp-content\/uploads\/2021\/03\/logo-300b.png","thumbnail_width":300,"thumbnail_height":42}

Premiere der neuen Gästeführung: Hafen, Hanse, Hökerwaren - STADE Marketing und Tourismus

<blockquote class="wp-embedded-content" data-secret="v4lQSVzZZp"><a href="https://stade-tourismus.de/de/premiere-der-neuen-gaestefuehrung-hafen-hanse-hoekerwaren/">Premiere der neuen Gästeführung: Hafen, Hanse, Hökerwaren</a></blockquote><iframe sandbox="allow-scripts" security="restricted" src="https://stade-tourismus.de/de/premiere-der-neuen-gaestefuehrung-hafen-hanse-hoekerwaren/embed/#?secret=v4lQSVzZZp" width="600" height="338" title="&#8222;Premiere der neuen Gästeführung: Hafen, Hanse, Hökerwaren&#8220; &#8211; STADE Marketing und Tourismus" data-secret="v4lQSVzZZp" frameborder="0" marginwidth="0" marginheight="0" scrolling="no" class="wp-embedded-content"></iframe><script>
/*! This file is auto-generated */
!function(d,l){"use strict";l.querySelector&&d.addEventListener&&"undefined"!=typeof URL&&(d.wp=d.wp||{},d.wp.receiveEmbedMessage||(d.wp.receiveEmbedMessage=function(e){var t=e.data;if((t||t.secret||t.message||t.value)&&!/[^a-zA-Z0-9]/.test(t.secret)){for(var s,r,n,a=l.querySelectorAll('iframe[data-secret="'+t.secret+'"]'),o=l.querySelectorAll('blockquote[data-secret="'+t.secret+'"]'),c=new RegExp("^https?:$","i"),i=0;i<o.length;i++)o[i].style.display="none";for(i=0;i<a.length;i++)s=a[i],e.source===s.contentWindow&&(s.removeAttribute("style"),"height"===t.message?(1e3<(r=parseInt(t.value,10))?r=1e3:~~r<200&&(r=200),s.height=r):"link"===t.message&&(r=new URL(s.getAttribute("src")),n=new URL(t.value),c.test(n.protocol))&&n.host===r.host&&l.activeElement===s&&(d.top.location.href=t.value))}},d.addEventListener("message",d.wp.receiveEmbedMessage,!1),l.addEventListener("DOMContentLoaded",function(){for(var e,t,s=l.querySelectorAll("iframe.wp-embedded-content"),r=0;r<s.length;r++)(t=(e=s[r]).getAttribute("data-secret"))||(t=Math.random().toString(36).substring(2,12),e.src+="#?secret="+t,e.setAttribute("data-secret",t)),e.contentWindow.postMessage({message:"ready",secret:t},"*")},!1)))}(window,document);
//# sourceURL=https://stade-tourismus.de/wp-includes/js/wp-embed.min.js
</script>

Wer sich der neuen Stader Gästeführung „Hafen, Hanse, Hökerwaren“ anschließt, begibt sich auf eine thematische Zeitreise zu Hanse und Handel durch die Stader Altstadt. Sie blickt zurück auf das Stade zu Zeiten der historischen Hanse und schlägt die Brücke zu Stadtbild, Hanse und dem Handel der heutigen Zeit. Als Höhepunkt wartet eine Verkostung edler Tropfen [&hellip;]
